{"id":67,"date":"2022-10-03T16:46:42","date_gmt":"2022-10-03T16:46:42","guid":{"rendered":"http:\/\/smolany.pl\/?page_id=67"},"modified":"2022-10-03T17:39:59","modified_gmt":"2022-10-03T17:39:59","slug":"nabozenstwa","status":"publish","type":"page","link":"https:\/\/smolany.pl\/?page_id=67","title":{"rendered":"Nabo\u017ce\u0144stwa"},"content":{"rendered":"\n<h2 class=\"wp-block-heading\">Nabo\u017ce\u0144stwo ku&nbsp;czci Chrystusa<\/h2>\n\n\n\n<p>I&nbsp;Czwartek i&nbsp;Pi\u0105tek miesi\u0105ca godzina 17:00<\/p>\n\n\n\n<h2 class=\"wp-block-heading\">Adoracja Naj\u015bwi\u0119tszego Sakramentu<\/h2>\n\n\n\n<p>I&nbsp;Niedziela miesi\u0105ca &#8211; w&nbsp;godzinach od&nbsp;11:00-12:00, I&nbsp;Sobot\u0119 miesi\u0105ca &#8211; od&nbsp;godzinie 15:00-17:00<\/p>\n\n\n\n<h2 class=\"wp-block-heading\">Droga krzy\u017cowa<\/h2>\n\n\n\n<p>wielki Post ka\u017cdy pi\u0105tek godzina 17:30. W&nbsp;j\u0119zyku litewskim w&nbsp;niedziele o&nbsp;godzinie 9:30<\/p>\n\n\n\n<h2 class=\"wp-block-heading\">Gorzkie \u017cale<\/h2>\n\n\n\n<p>Wielki Post ka\u017cda niedziela godzina 13:00. W&nbsp;j\u0119zyku litewskim niedziela po&nbsp;Mszy \u015bwi\u0119tej o&nbsp;10:00<\/p>\n\n\n\n<h2 class=\"wp-block-heading\">Nabo\u017ce\u0144stwo ku&nbsp;czci Naj\u015bwi\u0119tszej Maryi Panny<\/h2>\n\n\n\n<p>I&nbsp;Sobota miesi\u0105ca od&nbsp;godziny 15:00 &#8211; 17:00. Codziennie o&nbsp;16:30<\/p>\n\n\n\n<h2 class=\"wp-block-heading\">R\u00f3\u017caniec \u015bwi\u0119ty<\/h2>\n\n\n\n<p>W&nbsp;ka\u017cd\u0105 niedziel\u0119 godzina 9:20, w&nbsp;j\u0119zyku litewskim godzina 11:30<\/p>\n\n\n\n<h2 class=\"wp-block-heading\">Godzinki do&nbsp;Niepokalanej NMP<\/h2>\n\n\n\n<p>W&nbsp;ka\u017cd\u0105 niedziel\u0119 o&nbsp;7:35<\/p>\n\n\n\n<h2 class=\"wp-block-heading\">Nabo\u017ce\u0144stwo pa\u017adziernikowe<\/h2>\n\n\n\n<p>Po&nbsp;Mszy \u015bwi\u0119tej o&nbsp;17:00<\/p>\n\n\n\n<h2 class=\"wp-block-heading\">Nabo\u017ce\u0144stwo majowe<\/h2>\n\n\n\n<p>Po&nbsp;Mszy \u015bwi\u0119tej o&nbsp;17:00<\/p>\n\n\n\n<h2 class=\"wp-block-heading\">Nowenna do&nbsp;Matki Bo\u017cej Nieustaj\u0105cej Pomocy<\/h2>\n\n\n\n<p>W&nbsp;ka\u017cd\u0105 \u015brod\u0119 po&nbsp;Mszy \u015bwi\u0119tej o&nbsp;17:00<\/p>\n\n\n\n<h2 class=\"wp-block-heading\">Nabo\u017ce\u0144stwo ku&nbsp;czci \u015aw. Micha\u0142a Archanio\u0142a<\/h2>\n\n\n\n<p>Msza w&nbsp;kaplicy p.w. \u015bw.&nbsp;Micha\u0142a 28 wrze\u015bnia godzina 17:00 w&nbsp;intencji fundator\u00f3w ko\u015bcio\u0142a i&nbsp;kaplicy<\/p>\n\n\n\n<h2 class=\"wp-block-heading\">Nabo\u017ce\u0144stwo ku&nbsp;czci \u015aw. Izydora Oracza<\/h2>\n\n\n\n<p>W&nbsp;niedziel\u0119 najbli\u017csz\u0105 dnia 15 maja<\/p>\n\n\n\n<h2 class=\"wp-block-heading\">Modlitwa wypominkowa za&nbsp;zmar\u0142ych<\/h2>\n\n\n\n<p>W&nbsp;ka\u017cd\u0105 II&nbsp;niedziel\u0119 miesi\u0105ca po&nbsp;Mszy \u015bwi\u0119tej<\/p>\n\n\n\n<h2 class=\"wp-block-heading\">Nowenna za&nbsp;zmar\u0142ych<\/h2>\n\n\n\n<p>Od&nbsp;2 listopada o&nbsp;godzinie 17:00<\/p>\n","protected":false},"excerpt":{"rendered":"<p>Nabo\u017ce\u0144stwo ku&nbsp;czci Chrystusa I&nbsp;Czwartek i&nbsp;Pi\u0105tek miesi\u0105ca godzina 17:00 Adoracja Naj\u015bwi\u0119tszego Sakramentu I&nbsp;Niedziela miesi\u0105ca &#8211; w&nbsp;godzinach od&nbsp;11:00-12:00, I&nbsp;Sobot\u0119 miesi\u0105ca &#8211; od&nbsp;godzinie 15:00-17:00 Droga krzy\u017cowa wielki Post ka\u017cdy pi\u0105tek godzina 17:30. W&nbsp;j\u0119zyku litewskim w&nbsp;niedziele o&nbsp;godzinie 9:30 Gorzkie \u017cale Wielki Post ka\u017cda niedziela godzina 13:00. W&nbsp;j\u0119zyku litewskim niedziela po&nbsp;Mszy \u015bwi\u0119tej o&nbsp;10:00 Nabo\u017ce\u0144stwo ku&nbsp;czci Naj\u015bwi\u0119tszej Maryi Panny I&nbsp;Sobota miesi\u0105ca [&hellip;]<\/p>\n","protected":false},"author":1,"featured_media":0,"parent":63,"menu_order":2,"comment_status":"closed","ping_status":"closed","template":"template-fullwide.php","meta":{"pgc_sgb_lightbox_settings":"","footnotes":""},"class_list":["post-67","page","type-page","status-publish","hentry"],"yoast_head":"<!-- This site is optimized with the Yoast SEO plugin v26.4 - https:\/\/yoast.com\/wordpress\/plugins\/seo\/ -->\n<title>Nabo\u017ce\u0144stwa - Smolany<\/title>\n<meta name=\"robots\" content=\"index, follow, max-snippet:-1, max-image-preview:large, max-video-preview:-1\" \/>\n<link rel=\"canonical\" href=\"https:\/\/smolany.pl\/?page_id=67\" \/>\n<meta property=\"og:locale\" content=\"pl_PL\" \/>\n<meta property=\"og:type\" content=\"article\" \/>\n<meta property=\"og:title\" content=\"Nabo\u017ce\u0144stwa - Smolany\" \/>\n<meta property=\"og:description\" content=\"Nabo\u017ce\u0144stwo ku&nbsp;czci Chrystusa I&nbsp;Czwartek i&nbsp;Pi\u0105tek miesi\u0105ca godzina 17:00 Adoracja Naj\u015bwi\u0119tszego Sakramentu I&nbsp;Niedziela miesi\u0105ca &#8211; w&nbsp;godzinach od&nbsp;11:00-12:00, I&nbsp;Sobot\u0119 miesi\u0105ca &#8211; od&nbsp;godzinie 15:00-17:00 Droga krzy\u017cowa wielki Post ka\u017cdy pi\u0105tek godzina 17:30. W&nbsp;j\u0119zyku litewskim w&nbsp;niedziele o&nbsp;godzinie 9:30 Gorzkie \u017cale Wielki Post ka\u017cda niedziela godzina 13:00. W&nbsp;j\u0119zyku litewskim niedziela po&nbsp;Mszy \u015bwi\u0119tej o&nbsp;10:00 Nabo\u017ce\u0144stwo ku&nbsp;czci Naj\u015bwi\u0119tszej Maryi Panny I&nbsp;Sobota miesi\u0105ca [&hellip;]\" \/>\n<meta property=\"og:url\" content=\"https:\/\/smolany.pl\/?page_id=67\" \/>\n<meta property=\"og:site_name\" content=\"Smolany\" \/>\n<meta property=\"article:modified_time\" content=\"2022-10-03T17:39:59+00:00\" \/>\n<meta name=\"twitter:card\" content=\"summary_large_image\" \/>\n<meta name=\"twitter:label1\" content=\"Szacowany czas czytania\" \/>\n\t<meta name=\"twitter:data1\" content=\"1 minuta\" \/>\n<script type=\"application\/ld+json\" class=\"yoast-schema-graph\">{\"@context\":\"https:\/\/schema.org\",\"@graph\":[{\"@type\":\"WebPage\",\"@id\":\"https:\/\/smolany.pl\/?page_id=67\",\"url\":\"https:\/\/smolany.pl\/?page_id=67\",\"name\":\"Nabo\u017ce\u0144stwa - Smolany\",\"isPartOf\":{\"@id\":\"http:\/\/smolany.pl\/#website\"},\"datePublished\":\"2022-10-03T16:46:42+00:00\",\"dateModified\":\"2022-10-03T17:39:59+00:00\",\"breadcrumb\":{\"@id\":\"https:\/\/smolany.pl\/?page_id=67#breadcrumb\"},\"inLanguage\":\"pl-PL\",\"potentialAction\":[{\"@type\":\"ReadAction\",\"target\":[\"https:\/\/smolany.pl\/?page_id=67\"]}]},{\"@type\":\"BreadcrumbList\",\"@id\":\"https:\/\/smolany.pl\/?page_id=67#breadcrumb\",\"itemListElement\":[{\"@type\":\"ListItem\",\"position\":1,\"name\":\"Strona g\u0142\u00f3wna\",\"item\":\"http:\/\/smolany.pl\/\"},{\"@type\":\"ListItem\",\"position\":2,\"name\":\"Liturgia\",\"item\":\"https:\/\/smolany.pl\/?page_id=63\"},{\"@type\":\"ListItem\",\"position\":3,\"name\":\"Nabo\u017ce\u0144stwa\"}]},{\"@type\":\"WebSite\",\"@id\":\"http:\/\/smolany.pl\/#website\",\"url\":\"http:\/\/smolany.pl\/\",\"name\":\"Smolany\",\"description\":\"Parafia pw. \u015aw. Izydora Oracza w Smolanach\",\"potentialAction\":[{\"@type\":\"SearchAction\",\"target\":{\"@type\":\"EntryPoint\",\"urlTemplate\":\"http:\/\/smolany.pl\/?s={search_term_string}\"},\"query-input\":{\"@type\":\"PropertyValueSpecification\",\"valueRequired\":true,\"valueName\":\"search_term_string\"}}],\"inLanguage\":\"pl-PL\"}]}<\/script>\n<!-- \/ Yoast SEO plugin. -->","yoast_head_json":{"title":"Nabo\u017ce\u0144stwa - Smolany","robots":{"index":"index","follow":"follow","max-snippet":"max-snippet:-1","max-image-preview":"max-image-preview:large","max-video-preview":"max-video-preview:-1"},"canonical":"https:\/\/smolany.pl\/?page_id=67","og_locale":"pl_PL","og_type":"article","og_title":"Nabo\u017ce\u0144stwa - Smolany","og_description":"Nabo\u017ce\u0144stwo ku&nbsp;czci Chrystusa I&nbsp;Czwartek i&nbsp;Pi\u0105tek miesi\u0105ca godzina 17:00 Adoracja Naj\u015bwi\u0119tszego Sakramentu I&nbsp;Niedziela miesi\u0105ca &#8211; w&nbsp;godzinach od&nbsp;11:00-12:00, I&nbsp;Sobot\u0119 miesi\u0105ca &#8211; od&nbsp;godzinie 15:00-17:00 Droga krzy\u017cowa wielki Post ka\u017cdy pi\u0105tek godzina 17:30. W&nbsp;j\u0119zyku litewskim w&nbsp;niedziele o&nbsp;godzinie 9:30 Gorzkie \u017cale Wielki Post ka\u017cda niedziela godzina 13:00. W&nbsp;j\u0119zyku litewskim niedziela po&nbsp;Mszy \u015bwi\u0119tej o&nbsp;10:00 Nabo\u017ce\u0144stwo ku&nbsp;czci Naj\u015bwi\u0119tszej Maryi Panny I&nbsp;Sobota miesi\u0105ca [&hellip;]","og_url":"https:\/\/smolany.pl\/?page_id=67","og_site_name":"Smolany","article_modified_time":"2022-10-03T17:39:59+00:00","twitter_card":"summary_large_image","twitter_misc":{"Szacowany czas czytania":"1 minuta"},"schema":{"@context":"https:\/\/schema.org","@graph":[{"@type":"WebPage","@id":"https:\/\/smolany.pl\/?page_id=67","url":"https:\/\/smolany.pl\/?page_id=67","name":"Nabo\u017ce\u0144stwa - Smolany","isPartOf":{"@id":"http:\/\/smolany.pl\/#website"},"datePublished":"2022-10-03T16:46:42+00:00","dateModified":"2022-10-03T17:39:59+00:00","breadcrumb":{"@id":"https:\/\/smolany.pl\/?page_id=67#breadcrumb"},"inLanguage":"pl-PL","potentialAction":[{"@type":"ReadAction","target":["https:\/\/smolany.pl\/?page_id=67"]}]},{"@type":"BreadcrumbList","@id":"https:\/\/smolany.pl\/?page_id=67#breadcrumb","itemListElement":[{"@type":"ListItem","position":1,"name":"Strona g\u0142\u00f3wna","item":"http:\/\/smolany.pl\/"},{"@type":"ListItem","position":2,"name":"Liturgia","item":"https:\/\/smolany.pl\/?page_id=63"},{"@type":"ListItem","position":3,"name":"Nabo\u017ce\u0144stwa"}]},{"@type":"WebSite","@id":"http:\/\/smolany.pl\/#website","url":"http:\/\/smolany.pl\/","name":"Smolany","description":"Parafia pw. \u015aw. Izydora Oracza w Smolanach","potentialAction":[{"@type":"SearchAction","target":{"@type":"EntryPoint","urlTemplate":"http:\/\/smolany.pl\/?s={search_term_string}"},"query-input":{"@type":"PropertyValueSpecification","valueRequired":true,"valueName":"search_term_string"}}],"inLanguage":"pl-PL"}]}},"_links":{"self":[{"href":"https:\/\/smolany.pl\/index.php?rest_route=\/wp\/v2\/pages\/67","targetHints":{"allow":["GET"]}}],"collection":[{"href":"https:\/\/smolany.pl\/index.php?rest_route=\/wp\/v2\/pages"}],"about":[{"href":"https:\/\/smolany.pl\/index.php?rest_route=\/wp\/v2\/types\/page"}],"author":[{"embeddable":true,"href":"https:\/\/smolany.pl\/index.php?rest_route=\/wp\/v2\/users\/1"}],"replies":[{"embeddable":true,"href":"https:\/\/smolany.pl\/index.php?rest_route=%2Fwp%2Fv2%2Fcomments&post=67"}],"version-history":[{"count":1,"href":"https:\/\/smolany.pl\/index.php?rest_route=\/wp\/v2\/pages\/67\/revisions"}],"predecessor-version":[{"id":68,"href":"https:\/\/smolany.pl\/index.php?rest_route=\/wp\/v2\/pages\/67\/revisions\/68"}],"up":[{"embeddable":true,"href":"https:\/\/smolany.pl\/index.php?rest_route=\/wp\/v2\/pages\/63"}],"wp:attachment":[{"href":"https:\/\/smolany.pl\/index.php?rest_route=%2Fwp%2Fv2%2Fmedia&parent=67"}],"curies":[{"name":"wp","href":"https:\/\/api.w.org\/{rel}","templated":true}]}}